{"id":5955,"date":"2016-09-21T13:06:13","date_gmt":"2016-09-21T11:06:13","guid":{"rendered":"http:\/\/troc2roues.fr\/?page_id=5955"},"modified":"2025-02-28T14:25:33","modified_gmt":"2025-02-28T13:25:33","slug":"contact-us-2","status":"publish","type":"page","link":"https:\/\/troc2roues.fr\/?page_id=5955","title":{"rendered":"Horaires"},"content":{"rendered":"<h2 style=\"text-align: center;\"><span style=\"color: #ff0000;\">HORAIRES<\/span><\/h2>\n<p>[vc_row thb_divider_position=\u00a0\u00bbbottom\u00a0\u00bb el_class=\u00a0\u00bbalign-center\u00a0\u00bb css=\u00a0\u00bb.vc_custom_1474474645883{padding-top: 10vh !important;padding-bottom: 10vh !important;}\u00a0\u00bb][vc_column offset=\u00a0\u00bbvc_col-lg-10 vc_col-md-12&Prime;][vc_row_inner][vc_column_inner width=\u00a0\u00bb1\/2&Prime; css=\u00a0\u00bb.vc_custom_1474478996357{padding-left: 5% !important;}\u00a0\u00bb][vc_column_text]<\/p>\n<p><strong>Magasin :<\/strong><\/p>\n<ul>\n<li>Lundi : ferm\u00e9 et jeudi matin 9h30 -12h ferm\u00e9<\/li>\n<li>du Mardi ou Vendredi : 9h30 &#8211; 12h \/ 14h &#8211; 18h30<\/li>\n<li>Samedi : 9h &#8211; 12h \/ 14h &#8211; 18h<\/li>\n<\/ul>\n<p>[\/vc_column_text][\/vc_column_inner][vc_column_inner width=\u00a0\u00bb1\/2&Prime;][vc_column_text]<strong>Atelier :<\/strong><\/p>\n<ul>\n<li>Lundi : ferm\u00e9 et jeudi matin 9h30 \u00e0 12 h ferm\u00e9<\/li>\n<li>du Mardi au Vendredi : 9h30 &#8211; 12h \/ 14h &#8211; 18h30<\/li>\n<li>Samedi : 9h &#8211; 12h \/ 14h &#8211; 18h<\/li>\n<\/ul>\n<p>[vc_row thb_divider_position=\u00a0\u00bbbottom\u00a0\u00bb][vc_column][vc_empty_space][\/vc_column][\/vc_row][vc_row thb_divider_position=\u00a0\u00bbbottom\u00a0\u00bb][vc_column][vc_column_text el_id=\u00a0\u00bb8174&Prime;]<\/p>\n<p>[\/vc_column_text][\/vc_column][\/vc_row][vc_row thb_divider_position=\u00a0\u00bbbottom\u00a0\u00bb][vc_column]<img width=\"3072\" height=\"2304\" src=\"https:\/\/troc2roues.fr\/wp-content\/uploads\/2019\/04\/photo-magasin-1.jpg\" class=\"thb_image animation scale center   attachment-full\" alt=\"\" decoding=\"async\" loading=\"lazy\" srcset=\"https:\/\/troc2roues.fr\/wp-content\/uploads\/2019\/04\/photo-magasin-1.jpg 3072w, https:\/\/troc2roues.fr\/wp-content\/uploads\/2019\/04\/photo-magasin-1-768x576.jpg 768w, https:\/\/troc2roues.fr\/wp-content\/uploads\/2019\/04\/photo-magasin-1-1024x768.jpg 1024w, https:\/\/troc2roues.fr\/wp-content\/uploads\/2019\/04\/photo-magasin-1-800x600.jpg 800w, https:\/\/troc2roues.fr\/wp-content\/uploads\/2019\/04\/photo-magasin-1-400x300.jpg 400w, https:\/\/troc2roues.fr\/wp-content\/uploads\/2019\/04\/photo-magasin-1-600x450.jpg 600w\" sizes=\"(max-width: 3072px) 100vw, 3072px\" \/>[\/vc_column][\/vc_row][vc_row thb_divider_position=\u00a0\u00bbbottom\u00a0\u00bb][vc_column width=\u00a0\u00bb1\/2&Prime;]<img width=\"3072\" height=\"2304\" src=\"https:\/\/troc2roues.fr\/wp-content\/uploads\/2019\/04\/photo-magasin-3.jpg\" class=\"thb_image  left   attachment-full\" alt=\"\" decoding=\"async\" loading=\"lazy\" srcset=\"https:\/\/troc2roues.fr\/wp-content\/uploads\/2019\/04\/photo-magasin-3.jpg 3072w, https:\/\/troc2roues.fr\/wp-content\/uploads\/2019\/04\/photo-magasin-3-768x576.jpg 768w, https:\/\/troc2roues.fr\/wp-content\/uploads\/2019\/04\/photo-magasin-3-1024x768.jpg 1024w, https:\/\/troc2roues.fr\/wp-content\/uploads\/2019\/04\/photo-magasin-3-800x600.jpg 800w, https:\/\/troc2roues.fr\/wp-content\/uploads\/2019\/04\/photo-magasin-3-400x300.jpg 400w, https:\/\/troc2roues.fr\/wp-content\/uploads\/2019\/04\/photo-magasin-3-600x450.jpg 600w\" sizes=\"(max-width: 3072px) 100vw, 3072px\" \/>[\/vc_column][vc_column width=\u00a0\u00bb1\/2&Prime;]<img width=\"3072\" height=\"2304\" src=\"https:\/\/troc2roues.fr\/wp-content\/uploads\/2019\/04\/photo-magasin-2.jpg\" class=\"thb_image  left   attachment-full\" alt=\"\" decoding=\"async\" loading=\"lazy\" srcset=\"https:\/\/troc2roues.fr\/wp-content\/uploads\/2019\/04\/photo-magasin-2.jpg 3072w, https:\/\/troc2roues.fr\/wp-content\/uploads\/2019\/04\/photo-magasin-2-768x576.jpg 768w, https:\/\/troc2roues.fr\/wp-content\/uploads\/2019\/04\/photo-magasin-2-1024x768.jpg 1024w, https:\/\/troc2roues.fr\/wp-content\/uploads\/2019\/04\/photo-magasin-2-800x600.jpg 800w, https:\/\/troc2roues.fr\/wp-content\/uploads\/2019\/04\/photo-magasin-2-400x300.jpg 400w, https:\/\/troc2roues.fr\/wp-content\/uploads\/2019\/04\/photo-magasin-2-600x450.jpg 600w\" sizes=\"(max-width: 3072px) 100vw, 3072px\" \/>[\/vc_column][\/vc_row]<\/p>\n","protected":false},"excerpt":{"rendered":"<p>HORAIRES [vc_row thb_divider_position=\u00a0\u00bbbottom\u00a0\u00bb el_class=\u00a0\u00bbalign-center\u00a0\u00bb css=\u00a0\u00bb.vc_custom_1474474645883{padding-top: 10vh !important;padding-bottom: 10vh !important;}\u00a0\u00bb][vc_column offset=\u00a0\u00bbvc_col-lg-10 vc_col-md-12&Prime;][vc_row_inner][vc_column_inner width=\u00a0\u00bb1\/2&Prime; css=\u00a0\u00bb.vc_custom_1474478996357{padding-left: 5% !important;}\u00a0\u00bb][vc_column_text] Magasin : Lundi : ferm\u00e9 et jeudi matin 9h30 -12h ferm\u00e9 du Mardi ou Vendredi : 9h30 &#8211; 12h \/ 14h &#8211; 18h30 Samedi : 9h &#8211; 12h \/ 14h &#8211; 18h [\/vc_column_text][\/vc_column_inner][vc_column_inner width=\u00a0\u00bb1\/2&Prime;][vc_column_text]Atelier : Lundi : ferm\u00e9 et jeudi&hellip;<\/p>\n","protected":false},"author":1,"featured_media":0,"parent":0,"menu_order":0,"comment_status":"closed","ping_status":"closed","template":"","meta":[],"_links":{"self":[{"href":"https:\/\/troc2roues.fr\/index.php?rest_route=\/wp\/v2\/pages\/5955"}],"collection":[{"href":"https:\/\/troc2roues.fr\/index.php?rest_route=\/wp\/v2\/pages"}],"about":[{"href":"https:\/\/troc2roues.fr\/index.php?rest_route=\/wp\/v2\/types\/page"}],"author":[{"embeddable":true,"href":"https:\/\/troc2roues.fr\/index.php?rest_route=\/wp\/v2\/users\/1"}],"replies":[{"embeddable":true,"href":"https:\/\/troc2roues.fr\/index.php?rest_route=%2Fwp%2Fv2%2Fcomments&post=5955"}],"version-history":[{"count":18,"href":"https:\/\/troc2roues.fr\/index.php?rest_route=\/wp\/v2\/pages\/5955\/revisions"}],"predecessor-version":[{"id":8208,"href":"https:\/\/troc2roues.fr\/index.php?rest_route=\/wp\/v2\/pages\/5955\/revisions\/8208"}],"wp:attachment":[{"href":"https:\/\/troc2roues.fr\/index.php?rest_route=%2Fwp%2Fv2%2Fmedia&parent=5955"}],"curies":[{"name":"wp","href":"https:\/\/api.w.org\/{rel}","templated":true}]}}

<h2 style="text-align: center;"><span style="color: #ff0000;">HORAIRES</span></h2>
<p>[vc_row thb_divider_position= »bottom » el_class= »align-center » css= ».vc_custom_1474474645883{padding-top: 10vh !important;padding-bottom: 10vh !important;} »][vc_column offset= »vc_col-lg-10 vc_col-md-12&Prime;][vc_row_inner][vc_column_inner width= »1/2&Prime; css= ».vc_custom_1474478996357{padding-left: 5% !important;} »][vc_column_text]</p>
<p><strong>Magasin :</strong></p>
<ul>
<li>Lundi : fermé et jeudi matin 9h30 -12h fermé</li>
<li>du Mardi ou Vendredi : 9h30 &#8211; 12h / 14h &#8211; 18h30</li>
<li>Samedi : 9h &#8211; 12h / 14h &#8211; 18h</li>
</ul>
<p>[/vc_column_text][/vc_column_inner][vc_column_inner width= »1/2&Prime;][vc_column_text]<strong>Atelier :</strong></p>
<ul>
<li>Lundi : fermé et jeudi matin 9h30 à 12 h fermé</li>
<li>du Mardi au Vendredi : 9h30 &#8211; 12h / 14h &#8211; 18h30</li>
<li>Samedi : 9h &#8211; 12h / 14h &#8211; 18h</li>
</ul>
<p>[vc_row thb_divider_position= »bottom »][vc_column][vc_empty_space][/vc_column][/vc_row][vc_row thb_divider_position= »bottom »][vc_column][vc_column_text el_id= »8174&Prime;]</p>
<p>[/vc_column_text][/vc_column][/vc_row][vc_row thb_divider_position= »bottom »][vc_column]<img width="3072" height="2304" src="https://troc2roues.fr/wp-content/uploads/2019/04/photo-magasin-1.jpg" class="thb_image animation scale center   attachment-full" alt="" decoding="async" loading="lazy" srcset="https://troc2roues.fr/wp-content/uploads/2019/04/photo-magasin-1.jpg 3072w, https://troc2roues.fr/wp-content/uploads/2019/04/photo-magasin-1-768x576.jpg 768w, https://troc2roues.fr/wp-content/uploads/2019/04/photo-magasin-1-1024x768.jpg 1024w, https://troc2roues.fr/wp-content/uploads/2019/04/photo-magasin-1-800x600.jpg 800w, https://troc2roues.fr/wp-content/uploads/2019/04/photo-magasin-1-400x300.jpg 400w, https://troc2roues.fr/wp-content/uploads/2019/04/photo-magasin-1-600x450.jpg 600w" sizes="(max-width: 3072px) 100vw, 3072px" />[/vc_column][/vc_row][vc_row thb_divider_position= »bottom »][vc_column width= »1/2&Prime;]<img width="3072" height="2304" src="https://troc2roues.fr/wp-content/uploads/2019/04/photo-magasin-3.jpg" class="thb_image  left   attachment-full" alt="" decoding="async" loading="lazy" srcset="https://troc2roues.fr/wp-content/uploads/2019/04/photo-magasin-3.jpg 3072w, https://troc2roues.fr/wp-content/uploads/2019/04/photo-magasin-3-768x576.jpg 768w, https://troc2roues.fr/wp-content/uploads/2019/04/photo-magasin-3-1024x768.jpg 1024w, https://troc2roues.fr/wp-content/uploads/2019/04/photo-magasin-3-800x600.jpg 800w, https://troc2roues.fr/wp-content/uploads/2019/04/photo-magasin-3-400x300.jpg 400w, https://troc2roues.fr/wp-content/uploads/2019/04/photo-magasin-3-600x450.jpg 600w" sizes="(max-width: 3072px) 100vw, 3072px" />[/vc_column][vc_column width= »1/2&Prime;]<img width="3072" height="2304" src="https://troc2roues.fr/wp-content/uploads/2019/04/photo-magasin-2.jpg" class="thb_image  left   attachment-full" alt="" decoding="async" loading="lazy" srcset="https://troc2roues.fr/wp-content/uploads/2019/04/photo-magasin-2.jpg 3072w, https://troc2roues.fr/wp-content/uploads/2019/04/photo-magasin-2-768x576.jpg 768w, https://troc2roues.fr/wp-content/uploads/2019/04/photo-magasin-2-1024x768.jpg 1024w, https://troc2roues.fr/wp-content/uploads/2019/04/photo-magasin-2-800x600.jpg 800w, https://troc2roues.fr/wp-content/uploads/2019/04/photo-magasin-2-400x300.jpg 400w, https://troc2roues.fr/wp-content/uploads/2019/04/photo-magasin-2-600x450.jpg 600w" sizes="(max-width: 3072px) 100vw, 3072px" />[/vc_column][/vc_row]</p>

<p>HORAIRES [vc_row thb_divider_position= »bottom » el_class= »align-center » css= ».vc_custom_1474474645883{padding-top: 10vh !important;padding-bottom: 10vh !important;} »][vc_column offset= »vc_col-lg-10 vc_col-md-12&Prime;][vc_row_inner][vc_column_inner width= »1/2&Prime; css= ».vc_custom_1474478996357{padding-left: 5% !important;} »][vc_column_text] Magasin : Lundi : fermé et jeudi matin 9h30 -12h fermé du Mardi ou Vendredi : 9h30 &#8211; 12h / 14h &#8211; 18h30 Samedi : 9h &#8211; 12h / 14h &#8211; 18h [/vc_column_text][/vc_column_inner][vc_column_inner width= »1/2&Prime;][vc_column_text]Atelier : Lundi : fermé et jeudi&hellip;</p>
